
False
Is 1369845 a multiple of 54?
False
Is 380 a factor of 1989543?
False
Is 676656 a multiple of 444?
True
Does 709 divide 2184319?
False
Is 2673828 a multiple of 88?
False
Is 24 a factor of 402836?
False
Does 58 divide 60230?
False
Is 593 a factor of 6092108?
False
Does 41 divide 65627?
False
Is 390960 a multiple of 526?
False
Is 1196608 a multiple of 6?
False
Does 255 divide 114882?
False
Does 147 divide 357357?
True
Does 12 divide 925020?
True
Is 75790 a multiple of 5?
True
Is 201617 a multiple of 28?
False
Is 751749 a multiple of 6?
False
Does 366 divide 14682894?
False
Does 55 divide 3465?
True
Does 16 divide 562000?
True
Does 874 divide 15414001?
False
Does 100 divide 583340?
False
Does 100 divide 100100?
True
Does 7 divide 408559?
False
Is 755 a factor of 1414870?
True
Is 1662420 a multiple of 269?
True
Is 1141 a factor of 1750294?
True
Is 5 a factor of 12633?
False
Does 29 divide 1375288?
False
Is 1867586 a multiple of 326?
False
Is 67 a factor of 519518?
True
Is 40844 a multiple of 4?
True
Is 407 a factor of 3809927?
True
Is 436407 a multiple of 107?
False
Is 29889 a multiple of 52?
False
Does 16 divide 960069?
False
Does 20 divide 6572459?
False
Is 53 a factor of 106318?
True
Does 37 divide 1377288?
True
Is 4959 a multiple of 87?
True
Is 3 a factor of 413238?
True
Is 11 a factor of 36971?
True
Is 3473868 a multiple of 251?
False
Is 1044323 a multiple of 65?
False
Is 115 a factor of 1502611?
False
Does 84 divide 251388?
False
Is 12 a factor of 5736?
True
Is 51656 a multiple of 587?
True
Does 20 divide 20557?
False
Is 116453 a multiple of 93?
False
Is 69745 a multiple of 146?
False
Is 707263 a multiple of 8?
False
Is 63895 a multiple of 195?
False
Is 10842978 a multiple of 16?
False
Does 610 divide 1237655?
False
Is 1293 a factor of 875697?
False
Is 95 a factor of 241295?
False
Does 69 divide 8624379?
True
Is 454636 a multiple of 28?
True
Does 1823 divide 27784145?
False
Does 491 divide 3545596?
False
Is 16776804 a multiple of 22?
True
Is 1302925 a multiple of 247?
True
Is 49037 a multiple of 21?
False
Does 82 divide 237271?
False
Is 7 a factor of 201845?
True
Is 96647 a multiple of 4?
False
Is 36 a factor of 755016?
False
Is 11328528 a multiple of 204?
True
Is 344 a factor of 341237?
False
Is 4959225 a multiple of 27?
True
Is 167 a factor of 25832?
False
Does 13 divide 165698?
True
Does 17 divide 555883?
True
Is 45 a factor of 3831075?
True
Is 11 a factor of 7527099?
False
Does 81 divide 303102?
True
Is 8 a factor of 128773?
False
Is 7785640 a multiple of 14?
False
Is 697753 a multiple of 79?
False
Is 6388617 a multiple of 51?
True
Does 5 divide 206468?
False
Is 31103 a multiple of 9?
False
Is 17162989 a multiple of 83?
True
Does 12 divide 325152?
True
Does 1236 divide 411339?
False
Is 866015 a multiple of 62?
False
Is 51 a factor of 2211921?
True
Is 239 a factor of 158008?
False
Is 7184823 a multiple of 1242?
False
Does 13 divide 1308112?
True
Is 22 a factor of 2274990?
False
Does 180 divide 1804565?
False
Is 3537696 a multiple of 12?
True
Is 22465724 a multiple of 38?
False
Is 25 a factor of 14646198?
False
Is 11767503 a multiple of 26?
False
Is 446 a factor of 42488?
False
Is 3 a factor of 5123?
False
Is 16021 a multiple of 37?
True
Is 45360 a multiple of 30?
True
Is 8438815 a multiple of 805?
True
Is 321522 a multiple of 13?
False
Is 2 a factor of 15670?
True
Is 409 a factor of 17650105?
False
Is 65 a factor of 927883?
False
Is 30 a factor of 3476145?
False
Is 32 a factor of 81276?
False
Is 123 a factor of 171463?
False
Does 45 divide 1677105?
True
Does 11 divide 177056?
True
Does 62 divide 338765?
False
Is 502313 a multiple of 15?
False
Is 13 a factor of 377391?
False
Is 12 a factor of 4092?
True
Does 1103 divide 1623239?
False
Is 89 a factor of 47602?
False
Is 28 a factor of 110341?
False
Is 1527 a factor of 7111239?
True
Is 103 a factor of 535608?
False
Does 170 divide 796110?
True
Does 498 divide 889624?
False
Is 537532 a multiple of 61?
True
Is 1316384 a multiple of 398?
False
Is 67 a factor of 91624?
False
Is 64402 a multiple of 7?
False
Does 3 divide 19779?
True
Is 782290 a multiple of 9?
False
Is 136 a factor of 2013616?
True
Is 1249052 a multiple of 434?
True
Is 188 a factor of 6197984?
True
Is 537 a factor of 1410759?
False
Does 12 divide 93284?
False
Is 51029 a multiple of 15?
False
Is 88 a factor of 191400?
True
Is 460824 a multiple of 84?
True
Is 216017 a multiple of 324?
False
Is 186850 a multiple of 50?
True
Does 6 divide 999670?
False
Is 565672 a multiple of 35?
False
Is 331322 a multiple of 19?
True
Does 65 divide 177970?
True
Is 238 a factor of 1680576?
False
Is 35070 a multiple of 105?
True
Does 247 divide 1423955?
True
Is 17 a factor of 1703349?
True
Is 19 a factor of 1349874?
True
Does 102 divide 77398?
False
Is 6697404 a multiple of 567?
True
Is 114 a factor of 642071?
False
Is 169 a factor of 484262?
False
Is 122526 a multiple of 17?
False
Does 63 divide 167736?
False
Is 1248245 a multiple of 205?
True
Is 156 a factor of 475644?
True
Is 516 a factor of 4860204?
True
Is 23 a factor of 382306?
True
Is 9 a factor of 2774340?
True
Is 64943 a multiple of 25?
False
Is 22 a factor of 1456579?
False
Is 2639798 a multiple of 14?
True
Is 58 a factor of 217089?
False
Is 18 a factor of 7560?
True
Does 5 divide 10277?
False
Does 8 divide 320491?
False
Is 687 a factor of 974974?
False
Is 715084 a multiple of 18?
False
Does 46 divide 4094?
True
Does 1444 divide 14665052?
False
Is 2986709 a multiple of 1199?
True
Is 388 a factor of 502590?
False
Is 95874 a multiple of 114?
True
Is 111 a factor of 28827?
False
Is 145 a factor of 1751970?
False
Does 77 divide 2281202?
True
Is 17 a factor of 834632?
True
Is 2 a factor of 26176?
True
Is 11 a factor of 651629?
True
Is 8491 a multiple of 53?
False
Is 2021384 a multiple of 14?
False
Is 2 a factor of 304194?
True
Does 26 divide 6895642?
True
Does 10 divide 777930?
True
Does 221 divide 65413?
False
Does 7 divide 407365?
True
Is 6573365 a multiple of 5?
True
Is 134 a factor of 96078?
True
Is 133 a factor of 1168405?
True
Is 203335 a multiple of 55?
True
Does 1062 divide 586088?
False
Is 81 a factor of 99920?
False
Does 76 divide 429400?
True
Does 141 divide 118722?
True
Is 3 a factor of 673119?
True
Is 7 a factor of 1451779?
True
Does 47 divide 53423?
False
Is 11 a factor of 143674?
False
Does 53 divide 1020549?
False
Does 15 divide 2076840?
True
Does 5 divide 710165?
True
Does 12 divide 118308?
True
Is 8 a factor of 725504?
True
Is 2783866 even?
True
Does 52 divide 225888?
True
Does 85 divide 1244570?
True
Is 19223105 a multiple of 189?
False
Is 3396828 a multiple of 116?
True
Does 8 divide 5631464?
True
Does 269 divide 3365190?
True
Is 33880 a multiple of 220?
True
Is 110797 a multiple of 12?
False
Is 32 a factor of 672128?
True
Does 21 divide 280462?
False
Is 658 a factor of 2180130?
False
Is 513575 a multiple of 25?
True
Is 1482307 a multiple of 119?
False
Is 166 a factor of 279030?
False
Does 17 divide 564910?
True
Is 12 a factor of 1873329?
False
Does 62 divide 164486?
True
Is 8 a factor of 2690448?
True
Is 191 a factor of 1587210?
True
Does 26 divide 4316?
True
Is 8 a factor of 180552?
True
Is 80 a factor of 594210?
False
Does 88 divide 129313?
False
Is 48 a factor of 3903374?
False
Is 555383 a multiple of 4?
False
Does 13 divide 11632641?
False
Does 43 divide 10016506?
True
Is 57 a factor of 16744701?
False
Is 49 a factor of 369874?
False
Does 27 divide 9166496?
False
Does 125 divide 114250?
True
Is 10 a factor of 133140?
True
Is 18465 a multiple of 15?
True
Does 68 divide 55064?
False
Is 37 a factor of 6031?
True
Does 3 divide 402058?
False
Is 9 a factor of 126888?
False
Is 5 a factor of 9913?
False
Is 159 a factor of 151050?
True
Is 258 a factor of 3705646?
False
Is 223 a factor of 62440?
True
Is 274852 a multiple of 25?
False
Is 950348 a multiple of 21?
False
Is 45876 a multiple of 144?
False
Does 38 divide 871986?
True
Is 813956 a multiple of 21?
False
Is 15 a factor of 1674540?
True
Is 154034 a multiple of 36?
False
Is 2159587 a multiple of 11?
False
Is 5653348 a multiple of 94?
True
Is 383783 a multiple of 27?
False
Is 9225333 a multiple of 1399?
False
Is 6272 a multiple of 49?
True
Does 40 divide 50360?
True
Is 4776517 a multiple of 23?
False
Does 332 divide 20